mber?
False
Let w(v) = -2*v**2 - v - 1. Let c(b) = -b**2 - b. Let y(p) = 5*c(p) - 2*w(p). Let q be y(-3). Suppose -2*l - 3 = -2*r - 3*r, l + q*r = 21. Is l composite?
False
Let q(s) = s**3 - 7*s**2 + 20. Let x be q(9). Let m = 417 - x. Is m prime?
False
Is 6/8*1136/6 composite?
True
Let i = -62 + 154. Suppose -3*p - p = -i. Is p a prime number?
True
Suppose 2*t + 5*x = 23662, -16*t + 17*t + 4*x = 11837. Is t prime?
True
Let j = -3762 + 6943. Is j prime?
True
Let y = 25545 + 14800. Is y a composite number?
True
Suppose 20889 = 19*p - 10138. Is p composite?
True
Let k be 19374/(-12) - (9/2 - 4). Let l = -2492 - -5384. Let h = l + k. Is h prime?
True
Suppose 0 = 213*k - 210*k - 46317. Is k a prime number?
True
Let u = -548 + 5337. Is u composite?
False
Let g be (-1 - -1)*(6 + -5). Let c = g + 4. Suppose 567 = 5*q - c*v, -2*q = 3*q - 2*v - 571. Is q a composite number?
True
Is 22/(-3)*-4*(-9)/(-24) prime?
True
Suppose -3*l + 7 = t - 7, 2*t - 20 = -4*l. Let q be (1/t)/((-13)/(-147784)). Let s = q + -4029. Is s a prime number?
False
Let l = 51 - 21. Let z = l - 25. Suppose -2444 = -3*a + 4*y - 381, -3448 = -z*a - 3*y. Is a composite?
True
Let n = -5057 + 8327. Let b be 2 - -6 - (-6 + 6). Is n/b - (-9)/36 a prime number?
True
Suppose 15 = -4*u - 5*v, -u - 5*v - 20 = 4*u. Let d = 23 + -4. Let w = d + u. Is w a composite number?
True
Suppose 0 = 5*l - 2*s - 40691, -2*l - s = -4*s - 16283. Is l a composite number?
True
Let q(d) = d**3 + 31*d**2 - 22*d + 13. Is q(-29) a prime number?
True
Suppose 6*j - j = 10. Is 1*j/(-6) + 9178/39 composite?
True
Suppose 26664 = 5*x - d + 5461, -d - 8480 = -2*x. Is x prime?
True
Let h(o) = o**2 - 6*o - 18. Let l be h(9). Let t be l - (-1 + 0 + 3). Let c(y) = 3*y**2 + 4*y - 8. Is c(t) a composite number?
False
Let k = -970 + 1666. Let l be 44/10 - (-2)/(-5). Suppose -k = -l*o + 476. Is o a composite number?
False
Let d = 561 + 5066. Is d prime?
False
Let c(p) = -7*p + 0 + 8 + 1 + 6*p. Let u be c(4). Is (-6582)/(-15) - u/(-25) composite?
False
Let d(g) be the first derivative of g**4/2 - g + 1. Suppose -3*y + 2 = 5*z, y = -10*z + 5*z - 6. Is d(y) a composite number?
False
Let f = 9 - -1. Suppose f*b - 8*b = 0. Suppose m - 2*x - 251 = 0, b*m + 4*m - 1056 = -5*x. Is m a prime number?
False
Let q(s) = -8*s - 22. Let z be q(12). Is (z/(-2))/(-2 + 3) a prime number?
True
Let d be (-9)/(-2)*(7 - 5). Suppose -2*x - 3049 = -5*t, d*x - 4*x - 15 = 0. Is t prime?
False
Suppose 39068 = 4*r + 8996. Is 4/6*r/28 prime?
True
Suppose 2*a - 3 = l, 7 - 19 = 4*l. Let r be 2*9/(-3) + a. Is 14/42 - 2368/r composite?
True
Let b = -1 + -24. Is 2/(-5) + (-49485)/b a composite number?
False
Suppose -5*i = 10, -4*l + i + 4*i = -94. Let k = l - -532. Is k a prime number?
False
Suppose 0 = -4*v - a + 7, -7 = 3*v - 6*v + a. Let l(o) = -91*o - 2. Let c be l(v). Let u = c + 375. Is u a prime number?
True
Suppose 7*g - 1540 = 2*g. Is 7/(g/8) - 8871/(-33) a composite number?
False
Suppose 0 = 5*n - 5551 - 16354. Is n a composite number?
True
Suppose 5*o = -57*o + 77438. Is o prime?
True
Let v(k) = 252*k + 10. Let j(g) = -3024*g - 119. Let z(n) = 3*j(n) + 35*v(n). Is z(-10) a prime number?
False
Let u(a) = 4*a**2 - 10*a - 9. Let q = -27 + 37. Let t be u(q). Suppose -s - 4 + t = 0. Is s a prime number?
False
Suppose -s + 3058 + 1059 = 0. Is s a composite number?
True
Let v be ((-220)/(-6))/(1/18). Suppose -n - 2*n = v. Is 1 - 4/(-2) - n a composite number?
False
Let t(w) = w**3 - 17*w**2 + 17*w - 1. Let k be t(16). Let z = k - -56. Is z a composite number?
False
Suppose 3 = -n + 5. Suppose 7*w - n*w - 495 = 0. Suppose -5*b - w = -434. Is b a prime number?
True
Let j(m) = 15*m**3 + m - 3. Let r be -2 + (0 + 4 - 0). Is j(r) composite?
True
Suppose 0 = -3*o + 12, 4*o - 69750 - 2220 = -2*z. Is z a composite number?
False
Let v = 10 + -7. Suppose -v*l - 9100 = -r + 1302, r + 10406 = -3*l. Is 5 - 2 - l/6 a composite number?
True
Let x = -13 - 5. Let v = x + 9. Let u(a) = -29*a + 8. Is u(v) a composite number?
False
Is (-2)/9 - (-2526722)/198 composite?
True
Let o(w) be the first derivative of 7*w**3/2 - 3*w**2/2 + 3*w - 1. Let d(b) be the first derivative of o(b). Is d(2) a prime number?
False
Let w(b) = b + 26. Let m be w(0). Let u = 31 - m. Suppose -714 = -5*y + 5*j + 911, u*y - 2*j = 1637. Is y a composite number?
True
Let w(r) = 2411*r**3 - 2*r**2 + 5*r - 1. Is w(2) a prime number?
True
Let s be (-4)/(-2) - (1 - 2) - 3. Suppose 4*z - 79 = -r, s = r + z + 29 - 120. Is r composite?
True
Suppose 4*d + 2*u = 3118, 5*d = 12*u - 9*u + 3892. Is d a prime number?
False
Let j(w) = -w**2 - 15*w - 15. Let o be j(-13). Let g(h) = 11*h**2 - 22*h - 8. Is g(o) a prime number?
False
Let z = 7 + -11. Let t be 3 + (1 - 5)/z. Is t/18 - (-1925)/45 prime?
True
Let k be (-12)/(-28) + 1604/14. Let j = -4 + k. Is j a composite number?
True
Suppose 0 = 9*c - 11*c + 26382. Is c a prime number?
False
Let i = -176 + 301. Let g = -28 - 8. Let z = i - g. Is z a composite number?
True
Suppose -t = 13*b - 10*b - 4502, 0 = t + b - 4500. Is t a composite number?
True
Let m(s) = 2*s + 16. Let a(y) = -y - 8. Let o(q) = -11*a(q) - 6*m(q). Let t be o(0). Is ((-14)/t)/(3/204) a prime number?
False
Let x = 1 + 2. Let d(i) = 5*i**3 - 7*i**2 + 15*i + 1. Let m be d(5). Suppose 2*w - x*s = m, 3*s - 234 + 1286 = 4*w. Is w prime?
True
Suppose 811 + 1289 = -3*q. Let x be 1760 - (3 - (-1 + 2)*4). Let g = x + q. Is g composite?
False
Suppose -81936 = -5*q + 4*l + 86919, 67542 = 2*q - 5*l. Is q a composite number?
True
Let m be 8/(-2) - -11198*(-6)/12. Let p = -3270 - m. Is p a prime number?
True
Let i(h) = h**2 - 7*h - 8. Let g be i(8). Suppose -3*j = -g*j - 2610. Suppose -2*u + j = -1100. Is u a composite number?
True
Suppose 0 = 5*c - 4*c + 5, 2*g = -2*c - 16. Let w be (-16)/((-12)/g) + 1. Is (-228)/(-21) - w/21 a prime number?
True
Let o be 2/(0 + (-4)/348). Suppose 3*l = -3*l + 3318. Let q = l + o. Is q composite?
False
Let z = 5200 - 3097. Is z a prime number?
False
Let f be (-9)/4*(-4)/(-1). Let u be (f + 3)*188/(-24). Suppose 5*n = u - 12. Is n a composite number?
False
Let w = 190 + 124. Suppose w = 6*q - 412. Is q prime?
False
Let k(i) = 20*i**2 - 3 + 3 + 7*i - 5. Is k(-6) prime?
True
Let p be (-84)/(-10) - 2/5. Let t(v) = 22*v - 12. Let g be t(p). Suppose m - 3*m = -g. Is m prime?
False
Let m be (-12)/(-4) + 0 - (2 - -983). Let i = -351 - m. Is i prime?
True
Suppose 0*i = -3*i - 6, -2*m + 3*i = -59840. Is m a composite number?
False
Suppose 0 = h - 1 - 4. Suppose -h*r + 774 = -2*r + 3*g, 0 = r - 2*g - 273. Is r composite?
False
Suppose 28*w - 156033 = w. Is w a prime number?
True
Let p(y) = 38*y**2 - y + 10. Suppose 210 = 5*z - 5*w, -z = 2*w - 50 + 14. Let l be (-10)/z + 38/(-8). Is p(l) a composite number?
True
Let w(y) = -12 + 6 + 59*y + 1. Is w(2) a prime number?
True
Let i be 146/(-10) + (-9)/(-15). Let n(r) = -r**3 - 13*r**2 + 10*r + 3. Is n(i) a composite number?
False
Suppose -30222 = -3*v - 5*l, 3*v - 7828 - 22394 = -4*l. Suppose 5*j - 2191 = v. Is j composite?
True
Suppose 14*u = 4*t + 11*u - 2960, -3*t + 2237 = 2*u. Is t prime?
True
Let i(u) = u + 18. Let c(d) = -d**2 + d + 7. Let j be c(-4). Let y be i(j). Suppose 1055 = -0*o + y*o. Is o a composite number?
False
Let h(p) = -p**3 + 11*p**2 - 11*p + 12. Let j be h(10). Suppose -x - 18 = -5*b, -6*x + j*x + 2*b = 0. Is ((-3)/x)/((-12)/208) composite?
True
Is (-1 - 0)/(2 - 105180/52588) a prime number?
True
Let w(c) be the second derivative of 2*c**2 - 1/12*c**4 + 0 + 17/6*c**3 + 8*c. Is w(10) a composite number?
True
Suppose -7*d + 2255 = -2736. Is d a composite number?
True
Let k be (-10)/20 + 9/2. Suppose -2*x - k*x + 534 = 0. Is x composite?
False
Let s(k) = 508*k + 1. Let o be s(-1). Let y = -64 - o. Is y a prime number?
True
Suppose -3*q - 2250 = -8*q. Suppose 5*g - 1838 - 404 = 3*a, -g - a = -q. Is g a composite number?
False
Suppose 193*b - 10884 = 187*b. Is b a composite number?
True
Suppose 0 = -d + 5*l, -4*d - 5*l - 50 = -0*d. Let q = d + 22. Is q/(-48) - (-997)/4 a prime number?
False
Let l(q) = -2*q**2 - q + 1. Let x be l(3). Let n = x + 23. Suppose -3*b + 12 = n, -4*b - 473 = -5*u. Is u a composite number?
False
Let w(q) = 9*q**2 + 0 - 8*q**2 + 9. Is w(-14) a prime number?
False
Suppose 5*c + 162 + 2358 = 0. Let n = c + 8